{"id":7989,"date":"2025-03-27T20:32:19","date_gmt":"2025-03-27T20:32:19","guid":{"rendered":"https:\/\/funny-leavitt.78-46-234-146.plesk.page\/?page_id=7989"},"modified":"2025-03-27T20:43:53","modified_gmt":"2025-03-27T20:43:53","slug":"datenschutzerklaerung","status":"publish","type":"page","link":"https:\/\/alphaindustrieservice.de\/?page_id=7989","title":{"rendered":"Impressum"},"content":{"rendered":"\t\t<div data-elementor-type=\"wp-page\" data-elementor-id=\"7989\" class=\"elementor elementor-7989\">\n\t\t\t\t<div class=\"elementor-element elementor-element-64fda9d1 e-flex e-con-boxed e-con e-parent\" data-id=\"64fda9d1\" data-element_type=\"container\">\n\t\t\t\t\t<div class=\"e-con-inner\">\n\t\t\t\t<div class=\"elementor-element elementor-element-2e1a4156 elementor-widget elementor-widget-text-editor\" data-id=\"2e1a4156\" data-element_type=\"widget\" data-widget_type=\"text-editor.default\">\n\t\t\t\t<div class=\"elementor-widget-container\">\n\t\t\t\t\t\t\t\t\t<p><strong>Impressum<\/strong><\/p><p><strong>Angaben gem\u00e4\u00df \u00a7 5 TMG:<\/strong> Alpha Industrieservice GmbH<br \/>Albertstra\u00dfe 5<br \/>67227 Frankenthal<br \/>Deutschland<\/p><p><strong>Vertreten durch:<\/strong><br \/>Ayhan Aytar (Gesch\u00e4ftsf\u00fchrer)<\/p><p><strong>Kontakt:<\/strong><br \/>Telefon: +49 6233 1210108<br \/>Telefax: +49 6233 1210109<br \/>E-Mail: <a href=\"mailto:info@alphaindustrieservice.de\">info@alphaindustrieservice.de<\/a><\/p><p><strong>Registereintrag:<\/strong><br \/>Eingetragen im Handelsregister<br \/>Registergericht: Amtsgericht Ludwigshafen am Rhein<br \/>Registernummer: [bitte eintragen]<\/p><p><strong>Umsatzsteuer-ID:<\/strong><br \/>Umsatzsteuer-Identifikationsnummer gem\u00e4\u00df \u00a7 27 a Umsatzsteuergesetz:<br \/>DE 27\/675\/01756<\/p><p><strong>Berufsbezeichnung und berufsrechtliche Regelungen:<\/strong><br \/>Zust\u00e4ndige Kammer: [bitte eintragen]<br \/>Verliehen in: Deutschland<br \/>Es gelten folgende berufsrechtliche Regelungen: [bitte eintragen]<\/p><p><strong>EU-Streitschlichtung:<\/strong><br \/>Die Europ\u00e4ische Kommission stellt eine Plattform zur Online-Streitbeilegung (OS) bereit: <a href=\"https:\/\/ec.europa.eu\/consumers\/odr\/\">https:\/\/ec.europa.eu\/consumers\/odr\/<\/a><br \/>Unsere E-Mail-Adresse finden Sie oben im Impressum.<\/p><p><strong>Verbraucherstreitbeilegung\/Universalschlichtungsstelle:<\/strong><br \/>Wir sind nicht bereit oder verpflichtet, an Streitbeilegungsverfahren vor einer Verbraucherschlichtungsstelle teilzunehmen.<\/p><p><strong>Haftungsausschluss:<\/strong><br \/><strong>1. Inhalt des Onlineangebotes<\/strong><br \/>Der Betreiber dieser Website \u00fcbernimmt keinerlei Gew\u00e4hr f\u00fcr die Aktualit\u00e4t, Korrektheit, Vollst\u00e4ndigkeit oder Qualit\u00e4t der bereitgestellten Informationen. Haftungsanspr\u00fcche gegen den Betreiber, welche sich auf Sch\u00e4den materieller oder ideeller Art beziehen, die durch die Nutzung oder Nichtnutzung der dargebotenen Informationen verursacht wurden, sind grunds\u00e4tzlich ausgeschlossen, sofern seitens des Betreibers kein nachweislich vors\u00e4tzliches oder grob fahrl\u00e4ssiges Verschulden vorliegt.<\/p><p><strong>2. Verweise und Links<\/strong><br \/>Diese Website enth\u00e4lt Verkn\u00fcpfungen zu externen Websites Dritter, auf deren Inhalte der Betreiber keinen Einfluss hat. Deshalb kann f\u00fcr diese fremden Inhalte auch keine Gew\u00e4hr \u00fcbernommen werden. F\u00fcr die Inhalte der verlinkten Seiten ist stets der jeweilige Anbieter oder Betreiber der Seiten verantwortlich.<\/p><p><strong>3. Urheberrecht<\/strong><br \/>Die durch den Seitenbetreiber erstellten Inhalte und Werke auf diesen Seiten unterliegen dem deutschen Urheberrecht. Die Vervielf\u00e4ltigung, Bearbeitung, Verbreitung und jede Art der Verwertung au\u00dferhalb der Grenzen des Urheberrechtes bed\u00fcrfen der schriftlichen Zustimmung des jeweiligen Autors bzw. Erstellers.<\/p><p><strong>Rechtswirksamkeit dieses Impressums<\/strong><br \/>Dieses Impressum ist als Teil des Internetangebotes zu betrachten, von dem aus auf diese Seite verwiesen wurde. Sofern Teile oder einzelne Formulierungen dieses Textes der geltenden Rechtslage nicht, nicht mehr oder nicht vollst\u00e4ndig entsprechen sollten, bleiben die \u00fcbrigen Teile des Dokumentes in ihrem Inhalt und ihrer G\u00fcltigkeit davon unber\u00fchrt.<\/p>\t\t\t\t\t\t\t\t<\/div>\n\t\t\t\t<\/div>\n\t\t\t\t\t<\/div>\n\t\t\t\t<\/div>\n\t\t\t\t<\/div>\n\t\t","protected":false},"excerpt":{"rendered":"<p>Impressum Angaben gem\u00e4\u00df \u00a7 5 TMG: Alpha Industrieservice GmbHAlbertstra\u00dfe 567227 FrankenthalDeutschland Vertreten durch:Ayhan Aytar (Gesch\u00e4ftsf\u00fchrer) Kontakt:Telefon: +49 6233 1210108Telefax: +49 6233 1210109E-Mail: info@alphaindustrieservice.de Registereintrag:Eingetragen im HandelsregisterRegistergericht: Amtsgericht Ludwigshafen am RheinRegisternummer: [bitte eintragen] Umsatzsteuer-ID:Umsatzsteuer-Identifikationsnummer gem\u00e4\u00df \u00a7 27 a Umsatzsteuergesetz:DE 27\/675\/01756 Berufsbezeichnung und berufsrechtliche Regelungen:Zust\u00e4ndige Kammer: [bitte eintragen]Verliehen in: DeutschlandEs gelten folgende berufsrechtliche Regelungen: [bitte eintragen] EU-Streitschlichtung:Die [&hellip;]<\/p>\n","protected":false},"author":1,"featured_media":0,"parent":0,"menu_order":0,"comment_status":"closed","ping_status":"closed","template":"","meta":{"_joinchat":[],"footnotes":""},"class_list":["post-7989","page","type-page","status-publish","hentry"],"_links":{"self":[{"href":"https:\/\/alphaindustrieservice.de\/index.php?rest_route=\/wp\/v2\/pages\/7989","targetHints":{"allow":["GET"]}}],"collection":[{"href":"https:\/\/alphaindustrieservice.de\/index.php?rest_route=\/wp\/v2\/pages"}],"about":[{"href":"https:\/\/alphaindustrieservice.de\/index.php?rest_route=\/wp\/v2\/types\/page"}],"author":[{"embeddable":true,"href":"https:\/\/alphaindustrieservice.de\/index.php?rest_route=\/wp\/v2\/users\/1"}],"replies":[{"embeddable":true,"href":"https:\/\/alphaindustrieservice.de\/index.php?rest_route=%2Fwp%2Fv2%2Fcomments&post=7989"}],"version-history":[{"count":7,"href":"https:\/\/alphaindustrieservice.de\/index.php?rest_route=\/wp\/v2\/pages\/7989\/revisions"}],"predecessor-version":[{"id":8007,"href":"https:\/\/alphaindustrieservice.de\/index.php?rest_route=\/wp\/v2\/pages\/7989\/revisions\/8007"}],"wp:attachment":[{"href":"https:\/\/alphaindustrieservice.de\/index.php?rest_route=%2Fwp%2Fv2%2Fmedia&parent=7989"}],"curies":[{"name":"wp","href":"https:\/\/api.w.org\/{rel}","templated":true}]}}